29*p + f. What is the remainder when p is divided by 14?
11
Suppose -5*l + 2*l + 9 = 0. Let x be (l - 6)/((-6)/4). Let g = 53 - x. Calculate the remainder when g is divided by 13.
12
Suppose 0 = 2*k - 3*t - 50, 4*t = -2*k + 59 + 5. What is the remainder when k is divided by 9?
1
Suppose -2*u + h = -58, 3*u + 5*h - 61 = -0*h. Calculate the remainder when u is divided by 17.
10
What is the remainder when 104 is divided by (-8170)/(-304) - 3/(-24)?
23
Let w(c) = -c**3 + c**2 - c + 1. Let m(n) = -4*n**3 + 10*n**2 - 18*n - 9. Let q(p) = -m(p) + 5*w(p). Calculate the remainder when 83 is divided by q(-7).
20
Suppose 0 = 21*s - 803 - 1444. Calculate the remainder when s is divided by 27.
26
What is the remainder when 180 is divided by 6/4*390/315*7?
11
Let n = -462 - -473. What is the remainder when 293 is divided by n?
7
Suppose 20 = -5*j, 3*j + 11 = k - 0. What is the remainder when (52*k)/(-2)*6/4 is divided by 10?
9
Calculate the remainder when 88/14*595/34 is divided by 26.
6
Let f be 12/(-30) + 28/(-5). Let p = f - -14. Calculate the remainder when 45 is divided by p.
5
Let j be 0/(-1)*(-6)/(-12). Suppose 0 = -j*l + 5*l + 105. Let b = l + 24. Calculate the remainder when 11 is divided by b.
2
Suppose -2*t - 2 = 0, 0 = -10*u + 5*u - 4*t + 1451. Calculate the remainder when u is divided by 42.
39
Let q be 86/12 + 2/(-12) + -3. Suppose -2*n - 16 = -3*v, -q*v + 10 + 10 = -4*n. Calculate the remainder when 28 is divided by v.
4
Suppose -q - k + 3 = 2*k, -2 = -2*k. Let a be -4 - q*4/(-12). What is the remainder when 14 is divided by 1/a + (-34)/(-8)?
2
What is the remainder when 263 is divided by 22 - 48/18*-3?
23
Let b = 355 - 333. Calculate the remainder when 109 is divided by b.
21
Let f = 223 - 150. Calculate the remainder when f is divided by 37.
36
Let g be ((-4)/3)/((-8)/852). Suppose 6*r = 8*r - g. What is the remainder when r is divided by 18?
17
Suppose 0*j - l + 202 = 5*j, 3*j = 5*l + 110. Suppose -8*g = -12*g + j. Let k = 79 + -44. What is the remainder when k is divided by g?
5
Suppose 30*j = 27*j + 12. Suppose -55 + 209 = 4*f + 2*q, 2*f = -j*q + 74. Let b = 22 - 2. Calculate the remainder when f is divided by b.
19
Suppose -h + 4 = -q, 5*q - q + 5*h + 7 = 0. What is the remainder when (-2)/(-6) - (-136)/6 is divided by q/6*-4 - -11?
10
Suppose 4*t + 6*w - 776 = 4*w, 0 = -2*t - 3*w + 396. Suppose 0 = 7*l - 682 + t. What is the remainder when l is divided by 9?
7
Let i(j) = -7*j - 4. Suppose -26*f - 5*q = -21*f - 165, q - 2 = 0. Calculate the remainder when f is divided by i(-3).
14
Let d = -61 + 70. Calculate the remainder when 86 is divided by d.
5
Suppose -9*m + 4*m = -25. Let s = 42 + -18. Calculate the remainder when s is divided by m.
4
Let b be 18/24 - 45/(-4). Let a be (-32)/b - 2/(-3). Let l = 28 + a. What is the remainder when l is divided by 14?
12
Suppose 158 = 4*p + 2*l, -l = -3*p - 0*l + 126. Suppose p*f = 46*f - 90. Calculate the remainder when f is divided by 7.
4
Let m be 0/(-2*(3 - 2)). What is the remainder when 93 is divided by (2/(-4 - m))/((-2)/76)?
17
Suppose 5*h + 8 = n, 5*n - 13 = -0*n - 2*h. Suppose -n*c + 2*l + 27 = -170, -3*l - 12 = 0. Let b = -31 + c. What is the remainder when b is divided by 11?
10
Let u(t) = -4*t**2 + 47*t - 3. Let p = -9 + 4. Let c(v) = -v**3 - 5*v**2 - 6*v. Calculate the remainder when u(8) is divided by c(p).
27
Suppose 0 = -2*a + 1 + 15. Let u = -11 - -5. What is the remainder when (-44*3/u)/1 is divided by a?
6
What is the remainder when (-2 - 303/(-12)) + (-6)/24 is divided by 19?
4
Let t(g) = 27*g - 3. Let p be (37 - -2)*30/9. What is the remainder when t(2) is divided by (-1)/(-1 + 125/p)?
25
Suppose 4*z - 22 = -2*y, 4*y + 3 = 7. Let c(r) = r**2 - 46*r + 62. What is the remainder when c(45) is divided by z?
2
Let a = 132 + -91. Suppose 30*y + 3*y = 358 + 137. Calculate the remainder when a is divided by y.
11
What is the remainder when 120 is divided by (27 - -1) + -43 + 46?
27
Let i = 44 - 37. Suppose -3*u = i*u - 250. Calculate the remainder when u is divided by 7.
4
Suppose -2*n = 2*y - 102, 4*y - 3*n - 97 = 93. What is the remainder when 173 is divided by y?
26
Suppose 67*t = 65*t + 94. Calculate the remainder when 89 is divided by t.
42
Suppose w - 131 = 5*d, -d = 3*w - 6 + 29. What is the remainder when 152 is divided by 2/(-13) + (-810)/d?
28
Let k = -319 + 325. Calculate the remainder when 22 is divided by k.
4
Suppose -31 = 19*g - 20*g. What is the remainder when 214 is divided by g?
28
Let j(t) = 2*t - 14. Let l be j(14). Suppose 0 = -29*f + 31*f - l. Calculate the remainder when f is divided by 2.
1
Suppose 2*q - 4 = 8. Let x be (-16)/(-10)*20/4. Let i = 19 - x. What is the remainder when i is divided by q?
5
Suppose 5*h - 88 = -3*n, 0*n + 37 = 2*h + 3*n. Suppose 4*p = h - 5. Calculate the remainder when 20 is divided by p.
2
Let c(a) = -a**3 + 6*a**2 - 6*a + 4. Suppose 5*d = 19 + 1. What is the remainder when 21 is divided by c(d)?
9
Let s(h) = 2*h. Let a be s(3). Let z(m) = -m**2 + 25*m + 4. Calculate the remainder when z(a) is divided by 30.
28
Let q = 86 - 56. Suppose 0 = -4*p - i + 102, 84 = 4*p - 5*i - q. What is the remainder when p is divided by 7?
5
Suppose -35*g + 33*g + 484 = 0. Calculate the remainder when g is divided by 6.
2
Suppose -4*q - 10 = q, 3*q = 5*w - 21. Calculate the remainder when 34 is divided by w.
1
Suppose -12 = -25*s + 22*s. Suppose -20 = -5*v - 3*l, l - 4 = -3*v + s. Calculate the remainder when 5 is divided by v.
0
Let t be -17 - ((3 - -1) + -1). Let h = t - -21. What is the remainder when 2 is divided by (-1)/((-3 - h) + 3)?
0
Suppose 0 = -5*m - 39 + 109. What is the remainder when 40 is divided by m?
12
Suppose -6*x + 5 = -7*x. Let k(g) = -g**2 - 8*g - 2. Calculate the remainder when 102 is divided by k(x).
11
Let o(f) = -2*f**3 - 3*f - 18. What is the remainder when 436 is divided by o(-3)?
31
Calculate the remainder when (52/(-10))/(48/(-1920)) is divided by 36.
28
Suppose 41*p = 6*p + 7875. Calculate the remainder when p is divided by 38.
35
Let t(v) = -v**2 - 5*v - 1. Let q be t(-5). Let y be q + 8 + (7 - 10). Suppose -5*z + 50 = l + y*l, 0 = -3*z. Calculate the remainder when 39 is divided by l.
9
Let l = 1194 - 1126. What is the remainder when 190 is divided by l?
54
Suppose 35*t = 27*t + 472. Let p = 16 + t. Calculate the remainder when p is divided by 27.
21
Suppose 6 + 126 = 3*r. What is the remainder when 84 is divided by r?
40
Let v = -219 + 126. Let k = 15 - v. Suppose -28 + k = 4*q. Calculate the remainder when 78 is divided by q.
18
Suppose 5*o - 2*x - 190 = -5*x, 4*o - 152 = x. Calculate the remainder when o is divided by (4 + 0)/(66/132).
6
Let a(p) = 19*p**2 + 8*p + 9. Calculate the remainder when (-2)/6*2088/(-12) is divided by a(-1).
18
Let g = -154 + 159. What is the remainder when 12 is divided by g?
2
Let i(f) = -f**2 + 14*f - 17. Let q be i(9). Suppose -4*r = -44 - q. Calculate the remainder when (-17 - 0)/(2/(-4)) is divided by r.
16
Suppose -2*g + 140 = 3*g. Suppose 0 = -7*h + 406 + 350. Calculate the remainder when h is divided by g.
24
Let d(m) = 2*m - 4. Let q be d(3). Let x(p) be the first derivative of 2*p**3 + p**2/2 + p + 3. Calculate the remainder when x(q) is divided by 16.
11
Let i(u) = 4*u + 19. Suppose 3*h - 4*h + 5 = 0. Suppose -3*b = 5*q - 88, h*b = 3*q + 2*b - 48. Calculate the remainder when i(12) is divided by q.
16
Suppose 3*l + x + 101 = 6, 0 = l + 4*x + 50. Let a = l - -42. What is the remainder when (-3 + 0)/3*-35 is divided by a?
11
Suppose 2778 + 8814 = 24*c. What is the remainder when c is divided by 98?
91
Suppose 3*p = 2*c - 147, -3*c - 3*p = -c - 129. What is the remainder when c is divided by 54?
15
Suppose 5*z - 75 = -2*w, -4*w + 104 = -3*z + 19. Calculate the remainder when 274 is divided by w.
24
Let f = -19 - -15. Let j(k) = k**3 + 5*k**2 + 5*k + 6. Let i be j(f). What is the remainder when i*7 - 10/5 is divided by 7?
5
Let i be 198/30 + 3/(-5). Suppose -i - 9 = -3*s, w = -5*s + 20. Let z(j) = -2*j**2 - 11*j + 3. What is the remainder when z(w) is divided by 3?
2
Suppose -b - 3 = j - 4, -2*b + 2 = 0. Suppose g - 14 = -j. Calculate the remainder when g is divided by 9.
5
Let s = 24 - 23. Let p = 4 - s. Suppose 70 - 229 = -p*u. What is the remainder when u is divided by 18?
17
Le